{"id":564,"date":"2026-03-04T14:45:28","date_gmt":"2026-03-04T14:45:28","guid":{"rendered":"https:\/\/peaceful-morse.87-106-168-45.plesk.page\/?post_type=product&#038;p=564"},"modified":"2026-03-04T14:46:54","modified_gmt":"2026-03-04T14:46:54","slug":"pate-a-tartiner-noisettes-craquantes-240g","status":"publish","type":"product","link":"https:\/\/peaceful-morse.87-106-168-45.plesk.page\/index.php\/product\/pate-a-tartiner-noisettes-craquantes-240g\/","title":{"rendered":"P\u00e2te \u00e0 tartiner Noisettes Craquantes 240g"},"content":{"rendered":"<p>La plus craquante : Tr\u00e8s enveloppante, cette p\u00e2te \u00e0 tartiner aux noisettes contient des morceaux de chocolat d\u00e9licieusement craquants. Une gourmandise absolue !<\/p>\n<p>Une cr\u00e9ation 3 \u00e9toiles \u00e0 port\u00e9e de main.<\/p>\n<p>Parfum : P\u00e2te \u00e0 tartiner craquante aux noisettes craquantes, chocolat noir 66% et chocolat au lait 40%.<\/p>\n<p><em>100,00\u20ac\/kg<\/em><\/p>\n","protected":false},"excerpt":{"rendered":"<p>Tr\u00e8s enveloppante, cette p\u00e2te \u00e0 tartiner aux noisettes contient des morceaux de chocolat d\u00e9licieusement craquants.<\/p>\n<p>\u00ab\u00a0Un produit \u00e0 d\u00e9guster n&rsquo;importe quand, pour un plaisir simple et irr\u00e9sistible.\u00a0\u00bb<\/p>\n","protected":false},"featured_media":624,"comment_status":"closed","ping_status":"closed","template":"","meta":{"_acf_changed":false},"product_cat":[63],"product_tag":[],"class_list":{"0":"post-564","1":"product","2":"type-product","3":"status-publish","4":"has-post-thumbnail","6":"product_cat-pates-a-tartiner","8":"first","9":"outofstock","10":"shipping-taxable","11":"purchasable","12":"product-type-simple","swatches":"rey-swatches","show_selected":""},"acf":[],"_links":{"self":[{"href":"https:\/\/peaceful-morse.87-106-168-45.plesk.page\/index.php\/wp-json\/wp\/v2\/product\/564","targetHints":{"allow":["GET"]}}],"collection":[{"href":"https:\/\/peaceful-morse.87-106-168-45.plesk.page\/index.php\/wp-json\/wp\/v2\/product"}],"about":[{"href":"https:\/\/peaceful-morse.87-106-168-45.plesk.page\/index.php\/wp-json\/wp\/v2\/types\/product"}],"replies":[{"embeddable":true,"href":"https:\/\/peaceful-morse.87-106-168-45.plesk.page\/index.php\/wp-json\/wp\/v2\/comments?post=564"}],"wp:featuredmedia":[{"embeddable":true,"href":"https:\/\/peaceful-morse.87-106-168-45.plesk.page\/index.php\/wp-json\/wp\/v2\/media\/624"}],"wp:attachment":[{"href":"https:\/\/peaceful-morse.87-106-168-45.plesk.page\/index.php\/wp-json\/wp\/v2\/media?parent=564"}],"wp:term":[{"taxonomy":"product_cat","embeddable":true,"href":"https:\/\/peaceful-morse.87-106-168-45.plesk.page\/index.php\/wp-json\/wp\/v2\/product_cat?post=564"},{"taxonomy":"product_tag","embeddable":true,"href":"https:\/\/peaceful-morse.87-106-168-45.plesk.page\/index.php\/wp-json\/wp\/v2\/product_tag?post=564"}],"curies":[{"name":"wp","href":"https:\/\/api.w.org\/{rel}","templated":true}]}}