{"id":379,"date":"2026-03-04T14:40:59","date_gmt":"2026-03-04T14:40:59","guid":{"rendered":"https:\/\/peaceful-morse.87-106-168-45.plesk.page\/?post_type=product&#038;p=379"},"modified":"2026-03-04T14:45:40","modified_gmt":"2026-03-04T14:45:40","slug":"tablette-praline-noisette-foisonne-chocolat-noir","status":"publish","type":"product","link":"https:\/\/peaceful-morse.87-106-168-45.plesk.page\/index.php\/product\/tablette-praline-noisette-foisonne-chocolat-noir\/","title":{"rendered":"Tablette Pralin\u00e9 noisette foisonn\u00e9 &#8211; chocolat noir"},"content":{"rendered":"<p>Les tablettes Gourmandes illustrent tout le savoir-faire p\u00e2tissier d\u2019Aur\u00e9lien Rivoire. Celui-ci a voulu partager ses meilleurs souvenirs p\u00e2tissiers, pour nous replonger dans l\u2019enfance.<br \/>\nUn pralin\u00e9 avec une texture nouvelle : a\u00e9rienne.<\/p>\n<p><em>175,00\u20ac\/kg<\/em><\/p>\n","protected":false},"excerpt":{"rendered":"<p>Le nouveau pralin\u00e9 des Chefs compos\u00e9 de noisettes italiennes est l\u00e9g\u00e8rement sal\u00e9e \u00e0 la fleur de sel.<\/p>\n<p>Poids net : 70g<\/p>\n","protected":false},"featured_media":580,"comment_status":"closed","ping_status":"closed","template":"","meta":{"_acf_changed":false},"product_cat":[75],"product_tag":[],"class_list":{"0":"post-379","1":"product","2":"type-product","3":"status-publish","4":"has-post-thumbnail","6":"product_cat-nouveautes-dautomne","8":"first","9":"instock","10":"shipping-taxable","11":"purchasable","12":"product-type-simple","swatches":"rey-swatches","show_selected":""},"acf":[],"_links":{"self":[{"href":"https:\/\/peaceful-morse.87-106-168-45.plesk.page\/index.php\/wp-json\/wp\/v2\/product\/379","targetHints":{"allow":["GET"]}}],"collection":[{"href":"https:\/\/peaceful-morse.87-106-168-45.plesk.page\/index.php\/wp-json\/wp\/v2\/product"}],"about":[{"href":"https:\/\/peaceful-morse.87-106-168-45.plesk.page\/index.php\/wp-json\/wp\/v2\/types\/product"}],"replies":[{"embeddable":true,"href":"https:\/\/peaceful-morse.87-106-168-45.plesk.page\/index.php\/wp-json\/wp\/v2\/comments?post=379"}],"wp:featuredmedia":[{"embeddable":true,"href":"https:\/\/peaceful-morse.87-106-168-45.plesk.page\/index.php\/wp-json\/wp\/v2\/media\/580"}],"wp:attachment":[{"href":"https:\/\/peaceful-morse.87-106-168-45.plesk.page\/index.php\/wp-json\/wp\/v2\/media?parent=379"}],"wp:term":[{"taxonomy":"product_cat","embeddable":true,"href":"https:\/\/peaceful-morse.87-106-168-45.plesk.page\/index.php\/wp-json\/wp\/v2\/product_cat?post=379"},{"taxonomy":"product_tag","embeddable":true,"href":"https:\/\/peaceful-morse.87-106-168-45.plesk.page\/index.php\/wp-json\/wp\/v2\/product_tag?post=379"}],"curies":[{"name":"wp","href":"https:\/\/api.w.org\/{rel}","templated":true}]}}