{"id":238,"date":"2026-03-04T14:38:18","date_gmt":"2026-03-04T14:38:18","guid":{"rendered":"https:\/\/peaceful-morse.87-106-168-45.plesk.page\/?post_type=product&#038;p=238"},"modified":"2026-03-04T14:48:04","modified_gmt":"2026-03-04T14:48:04","slug":"confit-dorange-nature","status":"publish","type":"product","link":"https:\/\/peaceful-morse.87-106-168-45.plesk.page\/index.php\/product\/confit-dorange-nature\/","title":{"rendered":"Confit d&rsquo;orange nature"},"content":{"rendered":"<p>Issue de chez Bach\u00e8s, producteur bio situ\u00e9 dans Pyr\u00e9n\u00e9es Orientales, l\u2019orange n\u00e9cessite un temps de mac\u00e9ration qui varie en fonction de l\u2019hygrom\u00e9trie et de la temp\u00e9rature ambiante, suivi d\u2019un temps de maturation bien pr\u00e9cis. Elle obtient ainsi une texture parfaite.<\/p>\n<p>Savourez un moment d&rsquo;exception gr\u00e2ce \u00e0 notre chocolat gastronomique.<\/p>\n<p>Une cr\u00e9ation 3 \u00e9toiles \u00e0 port\u00e9e de main.<\/p>\n","protected":false},"excerpt":{"rendered":"<p>Travaill\u00e9e m\u00e9ticuleusement \u00e0 partir d&rsquo;oranges cueillies \u00e0 pleine maturit\u00e9, l&rsquo;enveloppe cristalline cr\u00e9\u00e9e par l\u2019eau de bouleau apporte un fin croustillant autour de l\u2019orange qui peut ainsi se savourer enti\u00e8re.<\/p>\n<p>\u00ab\u00a0C&rsquo;est un grand classique de la chocolaterie fran\u00e7aise, aujourd&rsquo;hui mal vu. Nous avons voulu d\u00e9poussi\u00e9rer ce produit et le min\u00e9raliser avec de l&rsquo;eau de bouleau.\u00a0\u00bb<\/p>\n","protected":false},"featured_media":668,"comment_status":"closed","ping_status":"closed","template":"","meta":{"_acf_changed":false},"product_cat":[65,54,53],"product_tag":[],"class_list":{"0":"post-238","1":"product","2":"type-product","3":"status-publish","4":"has-post-thumbnail","6":"product_cat-collection-de-noel","7":"product_cat-confits-de-fruits-nature","8":"product_cat-les-confits-de-fruits","10":"first","11":"outofstock","12":"shipping-taxable","13":"purchasable","14":"product-type-simple","swatches":"rey-swatches","show_selected":""},"acf":[],"_links":{"self":[{"href":"https:\/\/peaceful-morse.87-106-168-45.plesk.page\/index.php\/wp-json\/wp\/v2\/product\/238","targetHints":{"allow":["GET"]}}],"collection":[{"href":"https:\/\/peaceful-morse.87-106-168-45.plesk.page\/index.php\/wp-json\/wp\/v2\/product"}],"about":[{"href":"https:\/\/peaceful-morse.87-106-168-45.plesk.page\/index.php\/wp-json\/wp\/v2\/types\/product"}],"replies":[{"embeddable":true,"href":"https:\/\/peaceful-morse.87-106-168-45.plesk.page\/index.php\/wp-json\/wp\/v2\/comments?post=238"}],"wp:featuredmedia":[{"embeddable":true,"href":"https:\/\/peaceful-morse.87-106-168-45.plesk.page\/index.php\/wp-json\/wp\/v2\/media\/668"}],"wp:attachment":[{"href":"https:\/\/peaceful-morse.87-106-168-45.plesk.page\/index.php\/wp-json\/wp\/v2\/media?parent=238"}],"wp:term":[{"taxonomy":"product_cat","embeddable":true,"href":"https:\/\/peaceful-morse.87-106-168-45.plesk.page\/index.php\/wp-json\/wp\/v2\/product_cat?post=238"},{"taxonomy":"product_tag","embeddable":true,"href":"https:\/\/peaceful-morse.87-106-168-45.plesk.page\/index.php\/wp-json\/wp\/v2\/product_tag?post=238"}],"curies":[{"name":"wp","href":"https:\/\/api.w.org\/{rel}","templated":true}]}}