{"id":212,"date":"2026-03-04T14:37:53","date_gmt":"2026-03-04T14:37:53","guid":{"rendered":"https:\/\/peaceful-morse.87-106-168-45.plesk.page\/?post_type=product&#038;p=212"},"modified":"2026-03-04T14:39:22","modified_gmt":"2026-03-04T14:39:22","slug":"pate-a-tartiner-noisettes-gianduja","status":"publish","type":"product","link":"https:\/\/peaceful-morse.87-106-168-45.plesk.page\/index.php\/product\/pate-a-tartiner-noisettes-gianduja\/","title":{"rendered":"P\u00e2te \u00e0 Tartiner Noisettes Gianduja"},"content":{"rendered":"<p>Une p\u00e2te \u00e0 tartiner gourmande et d\u00e9licieusement onctueuse, aux noisettes Gianduja.<\/p>\n<p><em>83,33\u20ac\/kg<\/em><\/p>\n","protected":false},"excerpt":{"rendered":"<p>Port\u00e9e par l\u2019influence des voyages italiens du Chef All\u00e9no, cette cr\u00e9ation rend hommage \u00e0 la noisette du Pi\u00e9mont et \u00e0 la gourmandise in\u00e9gal\u00e9e du Gianduja.<br \/>\nL\u2019extrait d\u2019\u00e9corce de bouleau vient en contrepoint \u00e9quilibrer la richesse de la noisette, offrant une texture fondante et un profil aromatique tout en longueur.<\/p>\n","protected":false},"featured_media":287,"comment_status":"closed","ping_status":"closed","template":"","meta":{"_acf_changed":false},"product_cat":[61,63,64,62],"product_tag":[],"class_list":{"0":"post-212","1":"product","2":"type-product","3":"status-publish","4":"has-post-thumbnail","6":"product_cat-collection-chandeleur","7":"product_cat-pates-a-tartiner","8":"product_cat-pates-a-tartiner-collection-chandeleur","9":"product_cat-petits-plaisirs","11":"first","12":"instock","13":"shipping-taxable","14":"purchasable","15":"product-type-simple","swatches":"rey-swatches","show_selected":""},"acf":[],"_links":{"self":[{"href":"https:\/\/peaceful-morse.87-106-168-45.plesk.page\/index.php\/wp-json\/wp\/v2\/product\/212","targetHints":{"allow":["GET"]}}],"collection":[{"href":"https:\/\/peaceful-morse.87-106-168-45.plesk.page\/index.php\/wp-json\/wp\/v2\/product"}],"about":[{"href":"https:\/\/peaceful-morse.87-106-168-45.plesk.page\/index.php\/wp-json\/wp\/v2\/types\/product"}],"replies":[{"embeddable":true,"href":"https:\/\/peaceful-morse.87-106-168-45.plesk.page\/index.php\/wp-json\/wp\/v2\/comments?post=212"}],"wp:featuredmedia":[{"embeddable":true,"href":"https:\/\/peaceful-morse.87-106-168-45.plesk.page\/index.php\/wp-json\/wp\/v2\/media\/287"}],"wp:attachment":[{"href":"https:\/\/peaceful-morse.87-106-168-45.plesk.page\/index.php\/wp-json\/wp\/v2\/media?parent=212"}],"wp:term":[{"taxonomy":"product_cat","embeddable":true,"href":"https:\/\/peaceful-morse.87-106-168-45.plesk.page\/index.php\/wp-json\/wp\/v2\/product_cat?post=212"},{"taxonomy":"product_tag","embeddable":true,"href":"https:\/\/peaceful-morse.87-106-168-45.plesk.page\/index.php\/wp-json\/wp\/v2\/product_tag?post=212"}],"curies":[{"name":"wp","href":"https:\/\/api.w.org\/{rel}","templated":true}]}}