{"id":194,"date":"2026-03-04T14:37:53","date_gmt":"2026-03-04T14:37:53","guid":{"rendered":"https:\/\/peaceful-morse.87-106-168-45.plesk.page\/?post_type=product&#038;p=194"},"modified":"2026-03-04T14:38:17","modified_gmt":"2026-03-04T14:38:17","slug":"les-6-oeufs-a-la-toque","status":"publish","type":"product","link":"https:\/\/peaceful-morse.87-106-168-45.plesk.page\/index.php\/product\/les-6-oeufs-a-la-toque\/","title":{"rendered":"Les 6 Oeufs \u00e0 la Toque"},"content":{"rendered":"<p>BLANC\u00a0: pralin\u00e9 riz souffl\u00e9, confiture de lait, chocolat lait bitter 39%<\/p>\n<p>JAUNE\u00a0: Gianduja noisette, chocolat lait bitter 39%<\/p>\n<p>VERT\u00a0: pralin\u00e9 pistache, pistaches sabl\u00e9es, Chocolat noir \u00e9quatorial 55%<\/p>\n<p>ROUGE\u00a0: Pralin\u00e9 coco, Chocolat noir \u00e9quatorial 55%<br \/>\nLAIT\u00a0: Pralin\u00e9 sabl\u00e9 breton, Chocolat lait 39%<br \/>\nNOIR\u00a0: Pralin\u00e9 sarrasin grill\u00e9, pralin\u00e9 noisette, Chocolat noir \u00e9quatorial 55%<\/p>\n<p><strong>Conditions de conservation\u00a0:<\/strong> A conserver \u00e0 l\u2019abris de l\u2019humidit\u00e9, 17\u00b0C.<\/p>\n<p><em>106,38\u20ac\/kg<\/em><\/p>\n","protected":false},"excerpt":{"rendered":"<p>Indissociables de P\u00e2ques, les \u0153ufs en chocolat se r\u00e9inventent cette ann\u00e9e sous l\u2019impulsion cr\u00e9ative du Chef Yannick All\u00e9no.<\/p>\n<p>Pour la premi\u00e8re fois, le Chef propose six nouvelles saveurs, m\u00ealant jeux de textures et de couleurs.<\/p>\n","protected":false},"featured_media":230,"comment_status":"closed","ping_status":"closed","template":"","meta":{"_acf_changed":false},"product_cat":[54],"product_tag":[],"class_list":{"0":"post-194","1":"product","2":"type-product","3":"status-publish","4":"has-post-thumbnail","6":"product_cat-confits-de-fruits-nature","8":"first","9":"outofstock","10":"shipping-taxable","11":"purchasable","12":"product-type-simple","swatches":"rey-swatches","show_selected":""},"acf":[],"_links":{"self":[{"href":"https:\/\/peaceful-morse.87-106-168-45.plesk.page\/index.php\/wp-json\/wp\/v2\/product\/194","targetHints":{"allow":["GET"]}}],"collection":[{"href":"https:\/\/peaceful-morse.87-106-168-45.plesk.page\/index.php\/wp-json\/wp\/v2\/product"}],"about":[{"href":"https:\/\/peaceful-morse.87-106-168-45.plesk.page\/index.php\/wp-json\/wp\/v2\/types\/product"}],"replies":[{"embeddable":true,"href":"https:\/\/peaceful-morse.87-106-168-45.plesk.page\/index.php\/wp-json\/wp\/v2\/comments?post=194"}],"wp:featuredmedia":[{"embeddable":true,"href":"https:\/\/peaceful-morse.87-106-168-45.plesk.page\/index.php\/wp-json\/wp\/v2\/media\/230"}],"wp:attachment":[{"href":"https:\/\/peaceful-morse.87-106-168-45.plesk.page\/index.php\/wp-json\/wp\/v2\/media?parent=194"}],"wp:term":[{"taxonomy":"product_cat","embeddable":true,"href":"https:\/\/peaceful-morse.87-106-168-45.plesk.page\/index.php\/wp-json\/wp\/v2\/product_cat?post=194"},{"taxonomy":"product_tag","embeddable":true,"href":"https:\/\/peaceful-morse.87-106-168-45.plesk.page\/index.php\/wp-json\/wp\/v2\/product_tag?post=194"}],"curies":[{"name":"wp","href":"https:\/\/api.w.org\/{rel}","templated":true}]}}